prime factors of q(-5).
5, 29
Let c be ((-6)/(-5))/(15/50). What are the prime factors of 3*10/c*(-15684)/(-90)?
1307
Suppose 0 = 7*q - 0 - 14. Suppose b - 3*n = -n, -q*b = -2*n - 2. Let l(t) = 6*t**2 + 8*t - 15. What are the prime factors of l(b)?
5
Suppose -167*c = -165*c - 7730 - 15288. List the prime factors of c.
17, 677
Suppose -7796 = 4*d - 30972. What are the prime factors of d?
2, 2897
Let n(f) = -113*f + 3. Let d be (4/10)/(-6 - (-174)/30). What are the prime factors of n(d)?
229
Suppose r - 25 = -4*r. Suppose 0 = -5*a - 4*v + 15, a + 31*v - 3 = 26*v. Suppose a*f = 9, 0 = -5*x + 3*x - r*f + 169. List the prime factors of x.
7, 11
Let j(k) = k**3 + 13*k**2 + k + 7. Let x be j(-13). Let w be x/(-15) + 1077/(-5). What are the prime factors of 4 - w/(4 + 1)?
47
Suppose 2*q - 6 = 0, 4*q = -17*m + 14*m + 1365. Suppose 11*k = 3003 - m. What are the prime factors of k?
2, 29
Suppose 2*f = 0, -2*u + 4*f + 28 - 20 = 0. Suppose -u*j = -9*j + 655. List the prime factors of j.
131
Let q(p) = 2*p**3 - p**2 - 3. Let z be q(-6). Let v be (-1)/6*z*2. Let a = 317 - v. List the prime factors of a.
2, 5
Let z be (15/3 - (-23 - -5))*2. Suppose z*j - 47*j + 305 = 0. What are the prime factors of j?
5, 61
Let g be (7 + -5)*(-1 + 1 + -2). Let q be (g - (-28)/(-8))*-2. Let d = 55 - q. List the prime factors of d.
2, 5
Suppose 0 = -3*t - 4*i + 5*i + 5489, -i + 4 = 0. Let z = -1139 + t. What are the prime factors of z?
2, 173
Suppose -14*l - 3116 = -18*l. Suppose v = -2*n + 351, l = 5*n + 3*v - 99. List the prime factors of n.
5, 7
Suppose -2*y + 18 - 8 = 0. Suppose -135 = 14*c + y. List the prime factors of ((-1066)/c - -3) + (-2)/(-5).
2, 5, 11
Suppose 1245 - 5365 = -3*d - 5*t, -2*t + 2740 = 2*d. Suppose 8*x - 11 = d. Let s = -71 + x. List the prime factors of s.
101
Let n(t) = 213*t + 110. Let p be n(7). Let u = -536 + p. List the prime factors of u.
3, 5, 71
Let l(t) = t**3 + 19*t**2 + 35*t - 15. Let s = -652 - -636. List the prime factors of l(s).
193
Let t = 939 - 621. Suppose s - 10 = u, -111 = -5*s - 5*u - 1. Suppose -14*g - t = -s*g. What are the prime factors of g?
3, 53
Suppose -7*a = -b - 3, 2*a + 3*a = -5*b - 15. Suppose -2*r - 57 = -3*m - 354, a = -2*m - 2. List the prime factors of r.
3, 7
Let s = -471 - -500. Suppose -23*o - 1584 = -s*o. What are the prime factors of o?
2, 3, 11
Let u(y) = 4*y - 7. Let t be u(5). Let k be t + (6/2 - -1 - 4). Suppose -564 = -16*q + k*q. List the prime factors of q.
2, 47
Let k(o) = 38*o**3 + 3*o**2 - 18*o + 7. Let r be (1/2)/(14/84). List the prime factors of k(r).
2, 503
Let y(u) = -20*u**3 + 2*u + 12. Let f be y(-3). Suppose s + s = 3*r + f, -4*r = -4*s + 1096. What are the prime factors of s?
2, 3, 23
Let g = 1220 - 812. Let h = 291 - 159. Suppose -h + g = 4*l. List the prime factors of l.
3, 23
Suppose 3*h - 145 = 2*h. Let g be ((-22)/(-4))/(h/30 + -5). What are the prime factors of (g/(-2))/(11/66)?
3, 11
Suppose -16*x - 3*c = -11*x - 14, -5*c + 14 = -x. List the prime factors of -7 + 385 + -6 - 4/x.
2, 23
Let n(w) = -w**3 - 9*w**2 + 16*w. Let v be n(-7). List the prime factors of (87/6)/((-7)/v).
3, 5, 29
Suppose 0 = 27*c + 31 + 158. List the prime factors of c/(42/(-1104)) - -4.
2, 47
Suppose -5*n - 97 = -4*m, 39 = -4*n + n - 4*m. What are the prime factors of (-2103)/(-21) + n/119?
2, 5
Suppose -66*y + 63*y = -2*f - 34021, 2*y + 2*f - 22684 = 0. What are the prime factors of y?
11, 1031
Suppose 5*b - 3*h - 335427 = 0, 2*b + 3913 = 2*h + 138083. What are the prime factors of b?
2, 3, 3727
Suppose 6*j + 20 = 38. What are the prime factors of 0 + (-13)/(j/(-516)*4)?
13, 43
Let u(g) = -1485*g - 6. Let j be u(-2). Let l be -2 + 4 + (j/2 - 1). Suppose 0 = 7*f - l + 629. What are the prime factors of f?
2, 61
Suppose 12*m = 18184 - 3840 + 30584. What are the prime factors of m?
2, 3, 13
Let y(x) = -33*x + 132. Let n = -311 - -307. What are the prime factors of y(n)?
2, 3, 11
Let r(w) be the second derivative of 13*w**2 + 0 - 22*w - 11/6*w**3. List the prime factors of r(-3).
59
Suppose -5*p - 6*l + 5793 = -3*l, 2*p + 2*l - 2314 = 0. Suppose -a = -4*g - 590, 19 = 2*a + 5*g - p. List the prime factors of a.
2, 5, 59
List the prime factors of ((-680)/(-300))/((-2)/6)*-745.
2, 17, 149
Let d be 3/6*(-10 + -276). Let h = -191 - d. Let i = 116 + h. What are the prime factors of i?
2, 17
Suppose -1904*b + 5197368 = -1772*b. List the prime factors of b.
2, 19687
Suppose 0 = -2*q + 3*y + 72129, 5*q - 180265 = 3*y - 7*y. What are the prime factors of q?
3, 7, 17, 101
Suppose 36 = 6*w - 12. Suppose 127 = 5*x - w. What are the prime factors of x?
3
Let s(b) = -7*b**3 + 110*b - 217. List the prime factors of s(-22).
71899
Suppose -16*x + 10*x = -1290. Suppose -31*f = -36*f - x. List the prime factors of 1/((-1)/f) + 2.
3, 5
Let c(h) = -79*h + 44. Let b be c(8). Let z = 1037 + b. What are the prime factors of z?
449
Let j(m) = 4*m + 3 - 11*m - 2*m - m. Let s be j(-1). Let d(i) = -i**2 + 14*i + 7. List the prime factors of d(s).
2, 5
Let v be 23/92 - 511/(-4). Let k = v + 48. List the prime factors of k.
2, 11
Let n(t) = t**2 + 6*t + 5. Let g be n(-6). Let u be 1968/(20/g) - 3. Suppose -4*v + u = 125. List the prime factors of v.
7, 13
Suppose -3*g = -3*v - 15849, 0 = -18*g + 17*g + 2*v + 5286. What are the prime factors of g?
2, 3, 5, 11
Let x(m) = 2*m**3 - 7*m**2 + 13*m + 353. List the prime factors of x(19).
13, 907
Suppose x + 20 = 5*x. Suppose 14 = -z + 4*z - x*u, 0 = 5*u + 5. Suppose -6*r - 4*a = -r - 238, 144 = 3*r + z*a. List the prime factors of r.
2, 23
Let u be 121/99 + ((-14)/(-18) - 1). List the prime factors of u*-4*868/(-8).
2, 7, 31
Let h = 14601 + -5829. List the prime factors of h.
2, 3, 17, 43
Let a(d) = d**3 + 5*d**2 + 5*d. Let t be a(-3). List the prime factors of 127 + 5 + t + 5 + -2.
2, 3, 23
Let y be ((-58)/4)/((-1)/2). Suppose y*n - 2 = 28*n. Suppose -4*h - 5*f - 31 = -894, n*f = -h + 212. List the prime factors of h.
2, 3, 37
Let j(g) = 14*g**3 + 11*g**2 - g + 78. What are the prime factors of j(11)?
2, 313
Let l be (-1097166)/(-1050) + (0 - 4/(-50)). Suppose -2*w = 3*w - l. List the prime factors of w.
11, 19
Let x = 15704 + -9269. Suppose 5*i = -28*i + x. List the prime factors of i.
3, 5, 13
Suppose -20 = y + 5*w, -y = -3*y + 3*w + 12. What are the prime factors of (5181/22)/(y - 2/(-4))?
3, 157
Let a(y) = 5728*y - 329. List the prime factors of a(2).
3, 3709
Suppose -55*s - 52*s + 123*s = 50320. What are the prime factors of s?
5, 17, 37
Let c = 123 + -114. Suppose -c*s + 4*s = -690. List the prime factors of s.
2, 3, 23
Suppose 25*q = -56338 + 269778 + 22760. What are the prime factors of q?
2, 1181
List the prime factors of (4715/(-46))/(-41)*(-24156)/(-10).
3, 11, 61
Suppose a - 10449 = -5*i + 4100, a - 14563 = 2*i. List the prime factors of a.
3, 23, 211
Suppose -15*h - 166 + 811 = 0. Suppose 36*o - h*o = -1015. What are the prime factors of o?
5, 29
Let t(k) = -k**2 - 5*k + 16. Let b be t(-7). Suppose -b*n + 13 = -n. Let a(v) = 2*v**2 - 18*v - 12. List the prime factors of a(n).
2, 23
Suppose -763 = 3*t + 5*y, -t - 259 = y + 3*y. Let x = -869 - -510. Let u = t - x. What are the prime factors of u?
2, 3
Suppose -15*k - 32*k + 938450 = 90*k. List the prime factors of k.
2, 5, 137
Suppose 162 + 150 = 8*k + 296. Let z(w) = -39*w - 11. Let p(q) = -38*q - 11. Let i(t) = 2*p(t) - 3*z(t). What are the prime factors of i(k)?
3, 31
Let l(g) = -16*g**3 + 87*g**2 + 26*g + 30. Let a(o) = -3*o**3 + 17*o**2 + 5*o + 6. Let y(j) = 11*a(j) - 2*l(j). What are the prime factors of y(11)?
281
Let k(l) = 6*l + 62. Let i be k(-10). Let q(t) = 63 + t**i + 8*t + 16*t - 74. List the prime factors of q(-25).
2, 7
Let b(y) = -32*y - 1269. Let q be b(-40). Let v(t) be the second derivative of t**5/20 - 2*t**4/3 - 2*t**3 - 11*t**2/2 - t. List the prime factors of v(q).
2, 5, 11
List the prime factors of (-138272)/(-96) + (-22)/(-6).
2, 19
Suppose -s + 3*w + 2089 = 0, -s - 5*w + 2773 = 708. What are the prime factors of s?
2, 5, 13
Let g = -20259 + 21017. Let n = 13 - 8. Suppose 0 = -2*u - 4*v + 498, 0 = -0*u + 3*u - n*v - g. What are the prime factors of u?
251
Suppose -3*z + 3*n = -669, -2*z + 4*n + 413 = -37. Let b = 178 + z. What are the prime factors of b?
3, 7, 19
Let y(n) = 2*n**2 - 22*n - 22. Let b be y(12). S